{"id":36,"date":"2014-10-23T20:51:01","date_gmt":"2014-10-23T19:51:01","guid":{"rendered":"http:\/\/chorale-lairderien.com\/?page_id=36"},"modified":"2024-01-30T10:57:19","modified_gmt":"2024-01-30T09:57:19","slug":"notre-coach-vocal","status":"publish","type":"page","link":"https:\/\/chorale-lairderien.com\/?page_id=36","title":{"rendered":"Notre pianiste"},"content":{"rendered":"\n<figure class=\"wp-block-image size-full is-resized\"><img data-recalc-dims=\"1\" loading=\"lazy\" decoding=\"async\" width=\"640\" height=\"853\" src=\"https:\/\/i0.wp.com\/chorale-lairderien.com\/wp-content\/uploads\/Myriam2.jpg?resize=640%2C853&#038;ssl=1\" alt=\"\" class=\"wp-image-1285\" style=\"width:193px;height:auto\" srcset=\"https:\/\/i0.wp.com\/chorale-lairderien.com\/wp-content\/uploads\/Myriam2.jpg?w=1200&amp;ssl=1 1200w, https:\/\/i0.wp.com\/chorale-lairderien.com\/wp-content\/uploads\/Myriam2.jpg?resize=750%2C1000&amp;ssl=1 750w, https:\/\/i0.wp.com\/chorale-lairderien.com\/wp-content\/uploads\/Myriam2.jpg?resize=1152%2C1536&amp;ssl=1 1152w\" sizes=\"auto, (max-width: 640px) 100vw, 640px\" \/><\/figure>\n\n\n\n<p>Apr\u00e8s plusieurs ann\u00e9es d&rsquo;apprentissage en \u00e9cole de musique (solf\u00e8ge, fl\u00fbte traversi\u00e8re, orchestre) et en cours particuliers de piano, <strong>Myriam Houzet-Duriez<\/strong> entre au CNR (Conservatoire National de R\u00e9gion) de Lille en 1995.\u00a0<br>Elle rejoint la classe d&rsquo;orgue de Mme Aude Heurtematte et profite de son rayonnement et de celui de M. Philippe Lefebvre (co-titulaire des grandes orgues de Notre Dame de Paris), alors directeur de l&rsquo;\u00e9tablissement, pour d\u00e9couvrir et pratiquer sur de nombreux instruments renomm\u00e9s en France.<\/p>\n\n\n\n<p>Elle obtient son certificat de piano compl\u00e9mentaire en 2001, une 1\u00e8re m\u00e9daille (prix) de formation musicale en 2002, puis le DFE (Dipl\u00f4me de fin d&rsquo;\u00e9tudes) en orgue en 2005.<br>En parall\u00e8le, elle suit le cursus de musicologie \u00e0 l&rsquo;Universit\u00e9 de Lille III et obtient, apr\u00e8s sa licence et une ma\u00eetrise, le Capes d&rsquo;\u00e9ducation musicale et chant choral.<\/p>\n\n\n\n<p>Fl\u00fbtiste, animatrice de chants, accompagnatrice au piano ou \u00e0 l&rsquo;orgue, elle participe \u00e0 de nombreux projets musicaux dans le Nord avant de rejoindre les Yvelines en 2005.<br>Elle passera son DEM (dipl\u00f4me d&rsquo;\u00e9tudes musicales) en orgue en 2008 au CNR de Versailles.<br>Elle enseigne alors l&rsquo;\u00e9ducation musicale dans diff\u00e9rents coll\u00e8ges en mettant en place une p\u00e9dagogie tourn\u00e9e vers la pratique et la rencontre : concerts p\u00e9dagogiques annuels de quatuors professionnels devant les classes dans l&rsquo;\u00e9cole, sorties scolaires participatives (chant) avec l&rsquo;orchestre philharmonique de Radio France, concerts p\u00e9dagogiques avec JF Zygel au th\u00e9\u00e2tre du Ch\u00e2telet, intervention de musiciens pr\u00e9sentant les instruments du Moyen Age, r\u00e9alisation d&rsquo;enregistrements, concerts annuels, accompagnements, projets divers et vari\u00e9s (2005-2021).<\/p>\n\n\n\n<p>Elle rejoint avec joie pour l&rsquo;accompagner au piano, la chorale l'\u00a0\u00bbAir de rien\u00a0\u00bb en septembre 2023.&nbsp;&nbsp;<\/p>\n\n\n\n<p><\/p>\n","protected":false},"excerpt":{"rendered":"<p>Apr\u00e8s plusieurs ann\u00e9es d&rsquo;apprentissage en \u00e9cole de musique (solf\u00e8ge, fl\u00fbte traversi\u00e8re, orchestre) et en cours particuliers de piano, Myriam Houzet-Duriez entre au CNR (Conservatoire National de R\u00e9gion) de Lille en 1995.\u00a0Elle rejoint la classe d&rsquo;orgue de Mme Aude Heurtematte et &hellip; <a href=\"https:\/\/chorale-lairderien.com\/?page_id=36\">Continuer la lecture <span class=\"meta-nav\">&rarr;<\/span><\/a><\/p>\n","protected":false},"author":1,"featured_media":0,"parent":9,"menu_order":4,"comment_status":"closed","ping_status":"closed","template":"","meta":{"footnotes":""},"class_list":["post-36","page","type-page","status-publish","hentry"],"jetpack_sharing_enabled":true,"jetpack_shortlink":"https:\/\/wp.me\/P5iem3-A","jetpack_likes_enabled":true,"_links":{"self":[{"href":"https:\/\/chorale-lairderien.com\/index.php?rest_route=\/wp\/v2\/pages\/36","targetHints":{"allow":["GET"]}}],"collection":[{"href":"https:\/\/chorale-lairderien.com\/index.php?rest_route=\/wp\/v2\/pages"}],"about":[{"href":"https:\/\/chorale-lairderien.com\/index.php?rest_route=\/wp\/v2\/types\/page"}],"author":[{"embeddable":true,"href":"https:\/\/chorale-lairderien.com\/index.php?rest_route=\/wp\/v2\/users\/1"}],"replies":[{"embeddable":true,"href":"https:\/\/chorale-lairderien.com\/index.php?rest_route=%2Fwp%2Fv2%2Fcomments&post=36"}],"version-history":[{"count":8,"href":"https:\/\/chorale-lairderien.com\/index.php?rest_route=\/wp\/v2\/pages\/36\/revisions"}],"predecessor-version":[{"id":994,"href":"https:\/\/chorale-lairderien.com\/index.php?rest_route=\/wp\/v2\/pages\/36\/revisions\/994"}],"up":[{"embeddable":true,"href":"https:\/\/chorale-lairderien.com\/index.php?rest_route=\/wp\/v2\/pages\/9"}],"wp:attachment":[{"href":"https:\/\/chorale-lairderien.com\/index.php?rest_route=%2Fwp%2Fv2%2Fmedia&parent=36"}],"curies":[{"name":"wp","href":"https:\/\/api.w.org\/{rel}","templated":true}]}}

<figure class="wp-block-image size-full is-resized"><img data-recalc-dims="1" loading="lazy" decoding="async" width="640" height="853" src="https://i0.wp.com/chorale-lairderien.com/wp-content/uploads/Myriam2.jpg?resize=640%2C853&#038;ssl=1" alt="" class="wp-image-1285" style="width:193px;height:auto" srcset="https://i0.wp.com/chorale-lairderien.com/wp-content/uploads/Myriam2.jpg?w=1200&amp;ssl=1 1200w, https://i0.wp.com/chorale-lairderien.com/wp-content/uploads/Myriam2.jpg?resize=750%2C1000&amp;ssl=1 750w, https://i0.wp.com/chorale-lairderien.com/wp-content/uploads/Myriam2.jpg?resize=1152%2C1536&amp;ssl=1 1152w" sizes="auto, (max-width: 640px) 100vw, 640px" /></figure>



<p>Après plusieurs années d&rsquo;apprentissage en école de musique (solfège, flûte traversière, orchestre) et en cours particuliers de piano, <strong>Myriam Houzet-Duriez</strong> entre au CNR (Conservatoire National de Région) de Lille en 1995. <br>Elle rejoint la classe d&rsquo;orgue de Mme Aude Heurtematte et profite de son rayonnement et de celui de M. Philippe Lefebvre (co-titulaire des grandes orgues de Notre Dame de Paris), alors directeur de l&rsquo;établissement, pour découvrir et pratiquer sur de nombreux instruments renommés en France.</p>



<p>Elle obtient son certificat de piano complémentaire en 2001, une 1ère médaille (prix) de formation musicale en 2002, puis le DFE (Diplôme de fin d&rsquo;études) en orgue en 2005.<br>En parallèle, elle suit le cursus de musicologie à l&rsquo;Université de Lille III et obtient, après sa licence et une maîtrise, le Capes d&rsquo;éducation musicale et chant choral.</p>



<p>Flûtiste, animatrice de chants, accompagnatrice au piano ou à l&rsquo;orgue, elle participe à de nombreux projets musicaux dans le Nord avant de rejoindre les Yvelines en 2005.<br>Elle passera son DEM (diplôme d&rsquo;études musicales) en orgue en 2008 au CNR de Versailles.<br>Elle enseigne alors l&rsquo;éducation musicale dans différents collèges en mettant en place une pédagogie tournée vers la pratique et la rencontre : concerts pédagogiques annuels de quatuors professionnels devant les classes dans l&rsquo;école, sorties scolaires participatives (chant) avec l&rsquo;orchestre philharmonique de Radio France, concerts pédagogiques avec JF Zygel au théâtre du Châtelet, intervention de musiciens présentant les instruments du Moyen Age, réalisation d&rsquo;enregistrements, concerts annuels, accompagnements, projets divers et variés (2005-2021).</p>



<p>Elle rejoint avec joie pour l&rsquo;accompagner au piano, la chorale l' »Air de rien » en septembre 2023.&nbsp;&nbsp;</p>



<p></p>

<p>Après plusieurs années d&rsquo;apprentissage en école de musique (solfège, flûte traversière, orchestre) et en cours particuliers de piano, Myriam Houzet-Duriez entre au CNR (Conservatoire National de Région) de Lille en 1995. Elle rejoint la classe d&rsquo;orgue de Mme Aude Heurtematte et &hellip; <a href="https://chorale-lairderien.com/?page_id=36">Continuer la lecture <span class="meta-nav">&rarr;</span></a></p>
