{"id":34,"date":"2014-10-23T20:50:15","date_gmt":"2014-10-23T19:50:15","guid":{"rendered":"http:\/\/chorale-lairderien.com\/?page_id=34"},"modified":"2024-09-11T18:05:47","modified_gmt":"2024-09-11T17:05:47","slug":"notre-pianiste","status":"publish","type":"page","link":"https:\/\/chorale-lairderien.com\/?page_id=34","title":{"rendered":"La Cheffe de Ch\u0153ur"},"content":{"rendered":"<p><a href=\"https:\/\/i0.wp.com\/chorale-lairderien.fr\/wp-content\/uploads\/pauline-perret.jpg\"><img data-recalc-dims=\"1\" loading=\"lazy\" decoding=\"async\" class=\"alignnone wp-image-222\" src=\"https:\/\/i0.wp.com\/chorale-lairderien.com\/wp-content\/uploads\/pauline-perret.jpg?resize=139%2C139&#038;ssl=1\" alt=\"pauline-perret\" width=\"139\" height=\"139\" \/><\/a><\/p>\n<p>\u00a0<\/p><p style=\"line-height: 100%; margin-bottom: 0cm;\"><em><strong>Pauline Perret<br \/><\/strong><\/em><em><strong>Direction de ch\u0153ur &amp; Piano<\/strong><\/em><\/p>\n\n<p  align=\"justify\">Pauline d\u00e9bute le piano \u00e0 l\u2019\u00e2ge de 3 ans \u00e0 Autun en Bourgogne avec V\u00e9ronique Montcharmont. Laur\u00e9ate du Concours International Musical de France \u00e0 plusieurs reprises, elle poursuit ses \u00e9tudes au Conservatoire National Sup\u00e9rieur de Paris o\u00f9 elle obtiendra un 1er Prix, \u00e0 l\u2019unanimit\u00e9, de Piano et de Musique de Chambre ainsi qu\u2019un Master de Recherche en Musicologie en Sorbonne.<br \/>En 2005, elle se perfectionne \u00e0 la Juilliard School de New York (USA) puis de retour en France, suit les conseils de Jean-Claude Pennetier, du Quatuor Ysaye, de Bertrand Chamayou, de Renaud Capu\u00e7on et de Paul Meyer.<br \/>Pauline se produit r\u00e9guli\u00e8rement en concert en France comme \u00e0 l\u2019\u00e9tranger.<br \/>Depuis plusieurs saisons, elle est invit\u00e9e \u00e0 travailler sous la direction de Deborah Waldman (FR), d\u2019Hugo Gutierrez (FR et Chine) et de Chlo\u00e9 Van Soeterstede (UK).<br\/><\/p>\n\n<p align=\"justify\">Passionn\u00e9e de Musique de Chambre, qu\u2019elle enseigne depuis 2008 au Conservatoire de Maisons-Alfort, Pauline se produit avec Pascal Amoyel (pianiste), Gr\u00e9goire M\u00e9a (trompettiste solo \u00e0 l\u2019Orchestre National de France), Alice Terrenoire-Gutierrez, Yanis Benabdallah, le Quatuor Damask (chanteurs lyriques), Miha\u00ef Ritter (violon solo de l\u2019Orchestre Philharmonique de Radio France), Arka\u00eftz Chambonnet (Quatuor Eclisses), Arthur Lamarre (violoncelle solo de l\u2019Orchestre de la Garde R\u00e9publicaine), Diego Tosi (violoniste de l\u2019Orchestre Intercontemporain), Mayumi Kanagawa (3\u00e8me Prix au Concours Tcha\u00efkowski 2019, 2\u00e8me Prix du Concours Long Thibaud Crespin) et Francis Vidil (organiste).<br\/><\/p>\n\n<p align=\"justify\">Depuis 2017, Pauline est \u00e0 l\u2019initiative de \u00ab Piano Rando \u00bb qui propose en \u00e9t\u00e9 des cours de piano et des ateliers collectifs autour du piano (improvisation, d\u00e9chiffrage et formation musicale) \u00e0 Montchavin-La Plagne en Savoie (FR).<br \/>En avril 2019, Pauline part en tourn\u00e9e en Chine donner des Master Class de piano, d\u2019improvisation et de musique de chambre et accompagne le ch\u0153ur Lumina Coeli dirig\u00e9 par Hugo Gutierrez.<br \/>De 2018 \u00e0 2021, Pauline est directrice artistique du Festival Tautavel en Musique qui a f\u00eat\u00e9 ses 20 ans d\u2019existence en 2020. Elle prend la succession de Diego Tosi, de Gauthier Capu\u00e7on et de Renaud Capu\u00e7on.<br \/>En septembre 2019, elle a \u00e9t\u00e9 nomm\u00e9e professeur de piano et cheffe de ch\u0153ur assistante au Conservatoire de Versailles.<br \/>En 2020, Pauline enregistre son premier disque \u00e0 Francfort (DE), disque consacr\u00e9 aux Sonates pour violoncelle et piano de Brahms, Debussy et Shostakovitch avec Thomas Pollak, violoncelliste de l\u2019Orchestre Philharmonique de Vienne (AT).<br \/>En 2021, Pauline joue en concerto et en duo avec Renaud Capu\u00e7on sous la baguette de Debora Waldman et l\u2019Orchestre Dijon Bourgogne \u00e0 l\u2019occasion des 900 ans de la Cath\u00e9drale d\u2019Autun.<br \/>En 2023, Pauline s\u2019est produit au Mont Beuvray dans le Requiem de Mozart (version pour ch\u0153ur et piano), et \u00e0 Paris dans le Triple Concerto de Beethoven sous la direction d\u2019Emilie Postel-Vinay.<br\/><\/p>\n\n<p align=\"justify\">Apr\u00e8s 15 ann\u00e9es d\u2019accompagnement au piano, Pauline devient en septembre 2023 cheffe de Ch\u0153ur de la chorale l\u2019Air de Rien (78) et des Petits Chanteurs \u00e0 la Croix de Bois (71).<\/p>\n\n\n\n<p><\/p>\n","protected":false},"excerpt":{"rendered":"<p>\u00a0 Pauline PerretDirection de ch\u0153ur &amp; Piano Pauline d\u00e9bute le piano \u00e0 l\u2019\u00e2ge de 3 ans \u00e0 Autun en Bourgogne avec V\u00e9ronique Montcharmont. Laur\u00e9ate du Concours International Musical de France \u00e0 plusieurs reprises, elle poursuit ses \u00e9tudes au Conservatoire National &hellip; <a href=\"https:\/\/chorale-lairderien.com\/?page_id=34\">Continuer la lecture <span class=\"meta-nav\">&rarr;<\/span><\/a><\/p>\n","protected":false},"author":1,"featured_media":0,"parent":9,"menu_order":3,"comment_status":"closed","ping_status":"closed","template":"","meta":{"footnotes":""},"class_list":["post-34","page","type-page","status-publish","hentry"],"jetpack_sharing_enabled":true,"jetpack_shortlink":"https:\/\/wp.me\/P5iem3-y","jetpack_likes_enabled":true,"_links":{"self":[{"href":"https:\/\/chorale-lairderien.com\/index.php?rest_route=\/wp\/v2\/pages\/34","targetHints":{"allow":["GET"]}}],"collection":[{"href":"https:\/\/chorale-lairderien.com\/index.php?rest_route=\/wp\/v2\/pages"}],"about":[{"href":"https:\/\/chorale-lairderien.com\/index.php?rest_route=\/wp\/v2\/types\/page"}],"author":[{"embeddable":true,"href":"https:\/\/chorale-lairderien.com\/index.php?rest_route=\/wp\/v2\/users\/1"}],"replies":[{"embeddable":true,"href":"https:\/\/chorale-lairderien.com\/index.php?rest_route=%2Fwp%2Fv2%2Fcomments&post=34"}],"version-history":[{"count":11,"href":"https:\/\/chorale-lairderien.com\/index.php?rest_route=\/wp\/v2\/pages\/34\/revisions"}],"predecessor-version":[{"id":1311,"href":"https:\/\/chorale-lairderien.com\/index.php?rest_route=\/wp\/v2\/pages\/34\/revisions\/1311"}],"up":[{"embeddable":true,"href":"https:\/\/chorale-lairderien.com\/index.php?rest_route=\/wp\/v2\/pages\/9"}],"wp:attachment":[{"href":"https:\/\/chorale-lairderien.com\/index.php?rest_route=%2Fwp%2Fv2%2Fmedia&parent=34"}],"curies":[{"name":"wp","href":"https:\/\/api.w.org\/{rel}","templated":true}]}}

La Cheffe de Chœur

<p><a href="https://i0.wp.com/chorale-lairderien.fr/wp-content/uploads/pauline-perret.jpg"><img data-recalc-dims="1" loading="lazy" decoding="async" class="alignnone wp-image-222" src="https://i0.wp.com/chorale-lairderien.com/wp-content/uploads/pauline-perret.jpg?resize=139%2C139&#038;ssl=1" alt="pauline-perret" width="139" height="139" /></a></p>
<p> </p><p style="line-height: 100%; margin-bottom: 0cm;"><em><strong>Pauline Perret<br /></strong></em><em><strong>Direction de chœur &amp; Piano</strong></em></p>

<p  align="justify">Pauline débute le piano à l’âge de 3 ans à Autun en Bourgogne avec Véronique Montcharmont. Lauréate du Concours International Musical de France à plusieurs reprises, elle poursuit ses études au Conservatoire National Supérieur de Paris où elle obtiendra un 1er Prix, à l’unanimité, de Piano et de Musique de Chambre ainsi qu’un Master de Recherche en Musicologie en Sorbonne.<br />En 2005, elle se perfectionne à la Juilliard School de New York (USA) puis de retour en France, suit les conseils de Jean-Claude Pennetier, du Quatuor Ysaye, de Bertrand Chamayou, de Renaud Capuçon et de Paul Meyer.<br />Pauline se produit régulièrement en concert en France comme à l’étranger.<br />Depuis plusieurs saisons, elle est invitée à travailler sous la direction de Deborah Waldman (FR), d’Hugo Gutierrez (FR et Chine) et de Chloé Van Soeterstede (UK).<br/></p>

<p align="justify">Passionnée de Musique de Chambre, qu’elle enseigne depuis 2008 au Conservatoire de Maisons-Alfort, Pauline se produit avec Pascal Amoyel (pianiste), Grégoire Méa (trompettiste solo à l’Orchestre National de France), Alice Terrenoire-Gutierrez, Yanis Benabdallah, le Quatuor Damask (chanteurs lyriques), Mihaï Ritter (violon solo de l’Orchestre Philharmonique de Radio France), Arkaïtz Chambonnet (Quatuor Eclisses), Arthur Lamarre (violoncelle solo de l’Orchestre de la Garde Républicaine), Diego Tosi (violoniste de l’Orchestre Intercontemporain), Mayumi Kanagawa (3ème Prix au Concours Tchaïkowski 2019, 2ème Prix du Concours Long Thibaud Crespin) et Francis Vidil (organiste).<br/></p>

<p align="justify">Depuis 2017, Pauline est à l’initiative de « Piano Rando » qui propose en été des cours de piano et des ateliers collectifs autour du piano (improvisation, déchiffrage et formation musicale) à Montchavin-La Plagne en Savoie (FR).<br />En avril 2019, Pauline part en tournée en Chine donner des Master Class de piano, d’improvisation et de musique de chambre et accompagne le chœur Lumina Coeli dirigé par Hugo Gutierrez.<br />De 2018 à 2021, Pauline est directrice artistique du Festival Tautavel en Musique qui a fêté ses 20 ans d’existence en 2020. Elle prend la succession de Diego Tosi, de Gauthier Capuçon et de Renaud Capuçon.<br />En septembre 2019, elle a été nommée professeur de piano et cheffe de chœur assistante au Conservatoire de Versailles.<br />En 2020, Pauline enregistre son premier disque à Francfort (DE), disque consacré aux Sonates pour violoncelle et piano de Brahms, Debussy et Shostakovitch avec Thomas Pollak, violoncelliste de l’Orchestre Philharmonique de Vienne (AT).<br />En 2021, Pauline joue en concerto et en duo avec Renaud Capuçon sous la baguette de Debora Waldman et l’Orchestre Dijon Bourgogne à l’occasion des 900 ans de la Cathédrale d’Autun.<br />En 2023, Pauline s’est produit au Mont Beuvray dans le Requiem de Mozart (version pour chœur et piano), et à Paris dans le Triple Concerto de Beethoven sous la direction d’Emilie Postel-Vinay.<br/></p>

<p align="justify">Après 15 années d’accompagnement au piano, Pauline devient en septembre 2023 cheffe de Chœur de la chorale l’Air de Rien (78) et des Petits Chanteurs à la Croix de Bois (71).</p>



<p></p>

<p>  Pauline PerretDirection de chœur &amp; Piano Pauline débute le piano à l’âge de 3 ans à Autun en Bourgogne avec Véronique Montcharmont. Lauréate du Concours International Musical de France à plusieurs reprises, elle poursuit ses études au Conservatoire National &hellip; <a href="https://chorale-lairderien.com/?page_id=34">Continuer la lecture <span class="meta-nav">&rarr;</span></a></p>
