{"id":205,"date":"2014-10-30T20:10:25","date_gmt":"2014-10-30T19:10:25","guid":{"rendered":"http:\/\/chorale-lairderien.com\/?page_id=205"},"modified":"2025-11-25T13:54:43","modified_gmt":"2025-11-25T12:54:43","slug":"presentation","status":"publish","type":"page","link":"https:\/\/chorale-lairderien.com\/?page_id=205","title":{"rendered":"Pr\u00e9sentation"},"content":{"rendered":"<p class=\"jetpack-slideshow-noscript robots-nocontent\">Ce diaporama n\u00e9cessite JavaScript.<\/p><div id=\"gallery-205-1-slideshow\" class=\"jetpack-slideshow-window jetpack-slideshow jetpack-slideshow-black\" data-trans=\"fade\" data-autostart=\"1\" data-gallery=\"[{&quot;src&quot;:&quot;https:\\\/\\\/i0.wp.com\\\/chorale-lairderien.com\\\/wp-content\\\/uploads\\\/2010-Janvier-Malevil.jpg?fit=5120%2C2880\\u0026ssl=1&quot;,&quot;id&quot;:&quot;252&quot;,&quot;title&quot;:&quot;2010 Janvier Malevil&quot;,&quot;alt&quot;:&quot;&quot;,&quot;caption&quot;:&quot;Malevil Avec Jean Musy&quot;,&quot;itemprop&quot;:&quot;image&quot;},{&quot;src&quot;:&quot;https:\\\/\\\/i0.wp.com\\\/chorale-lairderien.com\\\/wp-content\\\/uploads\\\/MG_3339.jpg?fit=1024%2C683\\u0026ssl=1&quot;,&quot;id&quot;:&quot;225&quot;,&quot;title&quot;:&quot;_MG_3339&quot;,&quot;alt&quot;:&quot;&quot;,&quot;caption&quot;:&quot;&quot;,&quot;itemprop&quot;:&quot;image&quot;},{&quot;src&quot;:&quot;https:\\\/\\\/i0.wp.com\\\/chorale-lairderien.com\\\/wp-content\\\/uploads\\\/IMG_5818.jpg?fit=1600%2C1200\\u0026ssl=1&quot;,&quot;id&quot;:&quot;224&quot;,&quot;title&quot;:&quot;IMG_5818&quot;,&quot;alt&quot;:&quot;&quot;,&quot;caption&quot;:&quot;Petit Cheminot&quot;,&quot;itemprop&quot;:&quot;image&quot;},{&quot;src&quot;:&quot;https:\\\/\\\/i0.wp.com\\\/chorale-lairderien.com\\\/wp-content\\\/uploads\\\/AUN12322_nb.jpg?fit=1200%2C806\\u0026ssl=1&quot;,&quot;id&quot;:&quot;254&quot;,&quot;title&quot;:&quot;_AUN12322_n\\u0026#038;b&quot;,&quot;alt&quot;:&quot;&quot;,&quot;caption&quot;:&quot;@www.aurelieneveu.com&quot;,&quot;itemprop&quot;:&quot;image&quot;},{&quot;src&quot;:&quot;https:\\\/\\\/i0.wp.com\\\/chorale-lairderien.com\\\/wp-content\\\/uploads\\\/DSC0425NB.jpg?fit=900%2C599\\u0026ssl=1&quot;,&quot;id&quot;:&quot;342&quot;,&quot;title&quot;:&quot;_DSC0425N\\u0026#038;B&quot;,&quot;alt&quot;:&quot;&quot;,&quot;caption&quot;:&quot;&quot;,&quot;itemprop&quot;:&quot;image&quot;},{&quot;src&quot;:&quot;https:\\\/\\\/i0.wp.com\\\/chorale-lairderien.com\\\/wp-content\\\/uploads\\\/photo-air-de-rien1.jpg?fit=960%2C525\\u0026ssl=1&quot;,&quot;id&quot;:&quot;21&quot;,&quot;title&quot;:&quot;photo air de rien&quot;,&quot;alt&quot;:&quot;&quot;,&quot;caption&quot;:&quot;@www.aurelieneveu.com&quot;,&quot;itemprop&quot;:&quot;image&quot;}]\" itemscope itemtype=\"https:\/\/schema.org\/ImageGallery\"><\/div>\n<p style=\"text-align: justify;\">Notre volont\u00e9 est de parcourir et partager des moments tr\u00e8s diff\u00e9rents et tr\u00e8s forts de pi\u00e8ces musicales vari\u00e9es \u00e0 plusieurs voix et cela dans la bonne humeur et la qualit\u00e9 vocale.<\/p>\n<p>Le Ch\u0153ur comprend\u00a0 36 choristes : 12 hommes et 24 femmes<\/p>\n<p>Les choristes sont tous amateurs\u00a0et beaucoup ne lisent pas la musique<\/p>\n<p style=\"text-align: justify;\">Notre r\u00e9pertoire est tr\u00e8s vari\u00e9\u00a0: Classique, Renaissance, Baroque, Gospel, Jazz Vocal, Chants du monde, Contes musicaux, Chansons, en Fran\u00e7ais, Allemand, Italien, Hongrois, Espagnol, ce qui permet \u00e0 tous les choristes de parcourir des r\u00e9pertoires tr\u00e8s diff\u00e9rents. Nous chantons par exemple r\u00e9guli\u00e8rement avec un orchestre de Jazz.<\/p>\n<p>Nous sommes accompagn\u00e9s par la pianiste <em><strong>Myriam Houzet-Duriez.<\/strong><\/em><\/p>\n<p><span style=\"text-decoration: underline;\"><em><strong>Organisation :<\/strong><\/em><\/span><\/p>\n<p style=\"text-align: justify;\">Les r\u00e9p\u00e9titions ont lieu le<strong> Mercredi de 20h30 \u00e0 22h30<\/strong> au Colombier du Ch\u00e2teau du Mesnil St Denis.<\/p>\n<p style=\"text-align: justify;\">Deux Week-ends par an\u00a0 : Le week-end de travail obligatoire se d\u00e9roule le samedi toute la journ\u00e9e et dimanche matin.<\/p>\n","protected":false},"excerpt":{"rendered":"<p>Notre volont\u00e9 est de parcourir et partager des moments tr\u00e8s diff\u00e9rents et tr\u00e8s forts de pi\u00e8ces musicales vari\u00e9es \u00e0 plusieurs voix et cela dans la bonne humeur et la qualit\u00e9 vocale. Le Ch\u0153ur comprend\u00a0 36 choristes : 12 hommes et &hellip; <a href=\"https:\/\/chorale-lairderien.com\/?page_id=205\">Continuer la lecture <span class=\"meta-nav\">&rarr;<\/span><\/a><\/p>\n","protected":false},"author":1,"featured_media":0,"parent":9,"menu_order":1,"comment_status":"closed","ping_status":"closed","template":"","meta":{"footnotes":""},"class_list":["post-205","page","type-page","status-publish","hentry"],"jetpack_sharing_enabled":true,"jetpack_shortlink":"https:\/\/wp.me\/P5iem3-3j","jetpack_likes_enabled":true,"_links":{"self":[{"href":"https:\/\/chorale-lairderien.com\/index.php?rest_route=\/wp\/v2\/pages\/205","targetHints":{"allow":["GET"]}}],"collection":[{"href":"https:\/\/chorale-lairderien.com\/index.php?rest_route=\/wp\/v2\/pages"}],"about":[{"href":"https:\/\/chorale-lairderien.com\/index.php?rest_route=\/wp\/v2\/types\/page"}],"author":[{"embeddable":true,"href":"https:\/\/chorale-lairderien.com\/index.php?rest_route=\/wp\/v2\/users\/1"}],"replies":[{"embeddable":true,"href":"https:\/\/chorale-lairderien.com\/index.php?rest_route=%2Fwp%2Fv2%2Fcomments&post=205"}],"version-history":[{"count":15,"href":"https:\/\/chorale-lairderien.com\/index.php?rest_route=\/wp\/v2\/pages\/205\/revisions"}],"predecessor-version":[{"id":1422,"href":"https:\/\/chorale-lairderien.com\/index.php?rest_route=\/wp\/v2\/pages\/205\/revisions\/1422"}],"up":[{"embeddable":true,"href":"https:\/\/chorale-lairderien.com\/index.php?rest_route=\/wp\/v2\/pages\/9"}],"wp:attachment":[{"href":"https:\/\/chorale-lairderien.com\/index.php?rest_route=%2Fwp%2Fv2%2Fmedia&parent=205"}],"curies":[{"name":"wp","href":"https:\/\/api.w.org\/{rel}","templated":true}]}}

Présentation

<p class="jetpack-slideshow-noscript robots-nocontent">Ce diaporama nécessite JavaScript.</p><div id="gallery-205-1-slideshow" class="jetpack-slideshow-window jetpack-slideshow jetpack-slideshow-black" data-trans="fade" data-autostart="1" data-gallery="[{&quot;src&quot;:&quot;https:\/\/i0.wp.com\/chorale-lairderien.com\/wp-content\/uploads\/2010-Janvier-Malevil.jpg?fit=5120%2C2880\u0026ssl=1&quot;,&quot;id&quot;:&quot;252&quot;,&quot;title&quot;:&quot;2010 Janvier Malevil&quot;,&quot;alt&quot;:&quot;&quot;,&quot;caption&quot;:&quot;Malevil Avec Jean Musy&quot;,&quot;itemprop&quot;:&quot;image&quot;},{&quot;src&quot;:&quot;https:\/\/i0.wp.com\/chorale-lairderien.com\/wp-content\/uploads\/MG_3339.jpg?fit=1024%2C683\u0026ssl=1&quot;,&quot;id&quot;:&quot;225&quot;,&quot;title&quot;:&quot;_MG_3339&quot;,&quot;alt&quot;:&quot;&quot;,&quot;caption&quot;:&quot;&quot;,&quot;itemprop&quot;:&quot;image&quot;},{&quot;src&quot;:&quot;https:\/\/i0.wp.com\/chorale-lairderien.com\/wp-content\/uploads\/IMG_5818.jpg?fit=1600%2C1200\u0026ssl=1&quot;,&quot;id&quot;:&quot;224&quot;,&quot;title&quot;:&quot;IMG_5818&quot;,&quot;alt&quot;:&quot;&quot;,&quot;caption&quot;:&quot;Petit Cheminot&quot;,&quot;itemprop&quot;:&quot;image&quot;},{&quot;src&quot;:&quot;https:\/\/i0.wp.com\/chorale-lairderien.com\/wp-content\/uploads\/AUN12322_nb.jpg?fit=1200%2C806\u0026ssl=1&quot;,&quot;id&quot;:&quot;254&quot;,&quot;title&quot;:&quot;_AUN12322_n\u0026#038;b&quot;,&quot;alt&quot;:&quot;&quot;,&quot;caption&quot;:&quot;@www.aurelieneveu.com&quot;,&quot;itemprop&quot;:&quot;image&quot;},{&quot;src&quot;:&quot;https:\/\/i0.wp.com\/chorale-lairderien.com\/wp-content\/uploads\/DSC0425NB.jpg?fit=900%2C599\u0026ssl=1&quot;,&quot;id&quot;:&quot;342&quot;,&quot;title&quot;:&quot;_DSC0425N\u0026#038;B&quot;,&quot;alt&quot;:&quot;&quot;,&quot;caption&quot;:&quot;&quot;,&quot;itemprop&quot;:&quot;image&quot;},{&quot;src&quot;:&quot;https:\/\/i0.wp.com\/chorale-lairderien.com\/wp-content\/uploads\/photo-air-de-rien1.jpg?fit=960%2C525\u0026ssl=1&quot;,&quot;id&quot;:&quot;21&quot;,&quot;title&quot;:&quot;photo air de rien&quot;,&quot;alt&quot;:&quot;&quot;,&quot;caption&quot;:&quot;@www.aurelieneveu.com&quot;,&quot;itemprop&quot;:&quot;image&quot;}]" itemscope itemtype="https://schema.org/ImageGallery"></div>
<p style="text-align: justify;">Notre volonté est de parcourir et partager des moments très différents et très forts de pièces musicales variées à plusieurs voix et cela dans la bonne humeur et la qualité vocale.</p>
<p>Le Chœur comprend  36 choristes : 12 hommes et 24 femmes</p>
<p>Les choristes sont tous amateurs et beaucoup ne lisent pas la musique</p>
<p style="text-align: justify;">Notre répertoire est très varié : Classique, Renaissance, Baroque, Gospel, Jazz Vocal, Chants du monde, Contes musicaux, Chansons, en Français, Allemand, Italien, Hongrois, Espagnol, ce qui permet à tous les choristes de parcourir des répertoires très différents. Nous chantons par exemple régulièrement avec un orchestre de Jazz.</p>
<p>Nous sommes accompagnés par la pianiste <em><strong>Myriam Houzet-Duriez.</strong></em></p>
<p><span style="text-decoration: underline;"><em><strong>Organisation :</strong></em></span></p>
<p style="text-align: justify;">Les répétitions ont lieu le<strong> Mercredi de 20h30 à 22h30</strong> au Colombier du Château du Mesnil St Denis.</p>
<p style="text-align: justify;">Deux Week-ends par an  : Le week-end de travail obligatoire se déroule le samedi toute la journée et dimanche matin.</p>

<p>Notre volonté est de parcourir et partager des moments très différents et très forts de pièces musicales variées à plusieurs voix et cela dans la bonne humeur et la qualité vocale. Le Chœur comprend  36 choristes : 12 hommes et &hellip; <a href="https://chorale-lairderien.com/?page_id=205">Continuer la lecture <span class="meta-nav">&rarr;</span></a></p>
