{"id":2,"date":"2014-10-23T17:08:54","date_gmt":"2014-10-23T17:08:54","guid":{"rendered":"http:\/\/chorale-lairderien.com\/?page_id=2"},"modified":"2025-11-25T13:57:50","modified_gmt":"2025-11-25T12:57:50","slug":"page-d-exemple","status":"publish","type":"page","link":"https:\/\/chorale-lairderien.com\/?page_id=2","title":{"rendered":"Qui sommes nous ?"},"content":{"rendered":"<p style=\"text-align: justify;\"><img data-recalc-dims=\"1\" loading=\"lazy\" decoding=\"async\" class=\"alignleft wp-image-82 \" src=\"https:\/\/i0.wp.com\/chorale-lairderien.com\/wp-content\/uploads\/logo-air-de-rien1.jpg?resize=136%2C164&#038;ssl=1\" alt=\"logo air de rien\" width=\"136\" height=\"164\" \/><\/p>\n<p style=\"text-align: justify;\">Le Ch\u0153ur de \u2018\u2019L\u2019Air de Rien\u2019\u2019 a \u00e9t\u00e9 cr\u00e9\u00e9 en <strong>2004<\/strong>\u00a0par <strong>Bruno Rastier. <\/strong>Il a ensuite \u00e9t\u00e9 dirig\u00e9 de 2007 \u00e0 2009 par <strong>Anne Laffilhe, <\/strong>puis par <strong>Gilles H\u00fcrstel <\/strong>jusqu&rsquo;en 2023. Le ch\u0153ur est, depuis, dirig\u00e9 par <strong>Pauline Perret<\/strong> depuis la rentr\u00e9e 2023.<\/p>\n<p>Nous sommes implant\u00e9s au <em><strong>MESNIL ST DENIS dans les Yvelines.<\/strong><\/em><\/p>\n<p style=\"text-align: justify;\"><em><strong>\u00a0<\/strong><\/em><\/p>\n<ul>\n<li>Le Ch\u0153ur comprenant 36 choristes : 12 hommes et 24 femmes<\/li>\n<\/ul>\n<p>Nous sommes accompagn\u00e9s par une pianiste.<\/p>\n<p style=\"text-align: justify;\">Nous faisons plusieurs concerts dans l\u2019ann\u00e9e dans des lieux tr\u00e8s divers\u00a0: \u00e9glises ou chapelles, th\u00e9\u00e2tres, centres culturels, et quelques concerts caritatifs dans des maisons de retraite et \u00e9v\u00e9nements type Virades de l\u2019espoir, f\u00eates locales, f\u00eate de la musique.<\/p>\n<p>L\u2019air de Rien est une association type loi 1901 dont le pr\u00e9sident est <em><strong>Jean-Luc Le Bail<\/strong><\/em>.<\/p>\n","protected":false},"excerpt":{"rendered":"<p>Le Ch\u0153ur de \u2018\u2019L\u2019Air de Rien\u2019\u2019 a \u00e9t\u00e9 cr\u00e9\u00e9 en 2004\u00a0par Bruno Rastier. Il a ensuite \u00e9t\u00e9 dirig\u00e9 de 2007 \u00e0 2009 par Anne Laffilhe, puis par Gilles H\u00fcrstel jusqu&rsquo;en 2023. Le ch\u0153ur est, depuis, dirig\u00e9 par Pauline Perret depuis &hellip; <a href=\"https:\/\/chorale-lairderien.com\/?page_id=2\">Continuer la lecture <span class=\"meta-nav\">&rarr;<\/span><\/a><\/p>\n","protected":false},"author":1,"featured_media":0,"parent":0,"menu_order":0,"comment_status":"closed","ping_status":"open","template":"","meta":{"footnotes":""},"class_list":["post-2","page","type-page","status-publish","hentry"],"jetpack_sharing_enabled":true,"jetpack_shortlink":"https:\/\/wp.me\/P5iem3-2","jetpack_likes_enabled":true,"_links":{"self":[{"href":"https:\/\/chorale-lairderien.com\/index.php?rest_route=\/wp\/v2\/pages\/2","targetHints":{"allow":["GET"]}}],"collection":[{"href":"https:\/\/chorale-lairderien.com\/index.php?rest_route=\/wp\/v2\/pages"}],"about":[{"href":"https:\/\/chorale-lairderien.com\/index.php?rest_route=\/wp\/v2\/types\/page"}],"author":[{"embeddable":true,"href":"https:\/\/chorale-lairderien.com\/index.php?rest_route=\/wp\/v2\/users\/1"}],"replies":[{"embeddable":true,"href":"https:\/\/chorale-lairderien.com\/index.php?rest_route=%2Fwp%2Fv2%2Fcomments&post=2"}],"version-history":[{"count":14,"href":"https:\/\/chorale-lairderien.com\/index.php?rest_route=\/wp\/v2\/pages\/2\/revisions"}],"predecessor-version":[{"id":1423,"href":"https:\/\/chorale-lairderien.com\/index.php?rest_route=\/wp\/v2\/pages\/2\/revisions\/1423"}],"wp:attachment":[{"href":"https:\/\/chorale-lairderien.com\/index.php?rest_route=%2Fwp%2Fv2%2Fmedia&parent=2"}],"curies":[{"name":"wp","href":"https:\/\/api.w.org\/{rel}","templated":true}]}}

<p style="text-align: justify;"><img data-recalc-dims="1" loading="lazy" decoding="async" class="alignleft wp-image-82 " src="https://i0.wp.com/chorale-lairderien.com/wp-content/uploads/logo-air-de-rien1.jpg?resize=136%2C164&#038;ssl=1" alt="logo air de rien" width="136" height="164" /></p>
<p style="text-align: justify;">Le Chœur de ‘’L’Air de Rien’’ a été créé en <strong>2004</strong> par <strong>Bruno Rastier. </strong>Il a ensuite été dirigé de 2007 à 2009 par <strong>Anne Laffilhe, </strong>puis par <strong>Gilles Hürstel </strong>jusqu&rsquo;en 2023. Le chœur est, depuis, dirigé par <strong>Pauline Perret</strong> depuis la rentrée 2023.</p>
<p>Nous sommes implantés au <em><strong>MESNIL ST DENIS dans les Yvelines.</strong></em></p>
<p style="text-align: justify;"><em><strong> </strong></em></p>
<ul>
<li>Le Chœur comprenant 36 choristes : 12 hommes et 24 femmes</li>
</ul>
<p>Nous sommes accompagnés par une pianiste.</p>
<p style="text-align: justify;">Nous faisons plusieurs concerts dans l’année dans des lieux très divers : églises ou chapelles, théâtres, centres culturels, et quelques concerts caritatifs dans des maisons de retraite et événements type Virades de l’espoir, fêtes locales, fête de la musique.</p>
<p>L’air de Rien est une association type loi 1901 dont le président est <em><strong>Jean-Luc Le Bail</strong></em>.</p>

<p>Le Chœur de ‘’L’Air de Rien’’ a été créé en 2004 par Bruno Rastier. Il a ensuite été dirigé de 2007 à 2009 par Anne Laffilhe, puis par Gilles Hürstel jusqu&rsquo;en 2023. Le chœur est, depuis, dirigé par Pauline Perret depuis &hellip; <a href="https://chorale-lairderien.com/?page_id=2">Continuer la lecture <span class="meta-nav">&rarr;</span></a></p>
